 is the remainder when 2238 is divided by 743?
9
Calculate the remainder when 136 is divided by 19.
3
Calculate the remainder when 235 is divided by 30.
25
Calculate the remainder when 184 is divided by 40.
24
Calculate the remainder when 142 is divided by 73.
69
Calculate the remainder when 267 is divided by 17.
12
Calculate the remainder when 81 is divided by 5.
1
Calculate the remainder when 315 is divided by 111.
93
Calculate the remainder when 422 is divided by 131.
29
What is the remainder when 99 is divided by 30?
9
What is the remainder when 707 is divided by 184?
155
What is the remainder when 466 is divided by 58?
2
What is the remainder when 6899 is divided by 92?
91
Calculate the remainder when 111 is divided by 18.
3
Calculate the remainder when 1657 is divided by 330.
7
Calculate the remainder when 309 is divided by 38.
5
Calculate the remainder when 325 is divided by 103.
16
What is the remainder when 149 is divided by 29?
4
What is the remainder when 1462 is divided by 29?
12
Calculate the remainder when 799 is divided by 64.
31
Calculate the remainder when 1010 is divided by 16.
2
Calculate the remainder when 1418 is divided by 142.
140
Calculate the remainder when 118 is divided by 48.
22
Calculate the remainder when 427 is divided by 33.
31
What is the remainder when 64 is divided by 24?
16
Calculate the remainder when 536 is divided by 111.
92
What is the remainder when 3466 is divided by 37?
25
What is the remainder when 50 is divided by 18?
14
Calculate the remainder when 583 is divided by 65.
63
What is the remainder when 3019 is divided by 189?
184
What is the remainder when 8731 is divided by 48?
43
What is the remainder when 2264 is divided by 39?
2
What is the remainder when 412 is divided by 69?
67
What is the remainder when 206 is divided by 35?
31
What is the remainder when 2368 is divided by 24?
16
What is the remainder when 142 is divided by 38?
28
What is the remainder when 458 is divided by 147?
17
What is the remainder when 726 is divided by 43?
38
What is the remainder when 15791 is divided by 24?
23
What is the remainder when 568 is divided by 120?
88
Calculate the remainder when 270 is divided by 41.
24
Calculate the remainder when 571 is divided by 361.
210
What is the remainder when 335 is divided by 65?
10
What is the remainder when 368 is divided by 45?
8
What is the remainder when 60 is divided by 38?
22
What is the remainder when 877 is divided by 8?
5
What is the remainder when 9 is divided by 5?
4
What is the remainder when 364 is divided by 146?
72
Calculate the remainder when 25 is divided by 5.
0
Calculate the remainder when 171 is divided by 62.
47
Calculate the remainder when 29 is divided by 15.
14
What is the remainder when 1063 is divided by 19?
18
Calculate the remainder when 344 is divided by 86.
0
Calculate the remainder when 552 is divided by 349.
203
Calculate the remainder when 219 is divided by 84.
51
Calculate the remainder when 601 is divided by 14.
13
Calculate the remainder when 159 is divided by 89.
70
Calculate the remainder when 28 is divided by 18.
10
What is the remainder when 2246 is divided by 107?
106
What is the remainder when 702 is divided by 47?
44
Calculate the remainder when 2260 is divided by 151.
146
What is the remainder when 291 is divided by 27?
21
What is the remainder when 1761 is divided by 98?
95
Calculate the remainder when 556 is divided by 49.
17
Calculate the remainder when 1915 is divided by 14.
11
Calculate the remainder when 140 is divided by 9.
5
What is the remainder when 234 is divided by 5?
4
What is the remainder when 1080 is divided by 23?
22
Calculate the remainder when 428 is divided by 8.
4
Calculate the remainder when 2162 is divided by 272.
258
What is the remainder when 3417 is divided by 12?
9
Calculate the remainder when 548 is divided by 186.
176
What is the remainder when 270 is divided by 22?
6
What is the remainder when 160 is divided by 29?
15
What is the remainder when 50 is divided by 11?
6
What is the remainder when 68 is divided by 10?
8
Calculate the remainder when 70 is divided by 67.
3
Calculate the remainder when 9517 is divided by 3171.
4
Calculate the remainder when 582 is divided by 185.
27
Calculate the remainder when 1655 is divided by 18.
17
Calculate the remainder when 355 is divided by 62.
45
What is the remainder when 2470 is divided by 198?
94
Calculate the remainder when 477 is divided by 32.
29
Calculate the remainder when 113 is divided by 31.
20
What is the remainder when 175 is divided by 28?
7
What is the remainder when 2312 is divided by 32?
8
What is the remainder when 2207 is divided by 13?
10
Calculate the remainder when 2596 is divided by 53.
52
What is the remainder when 1327 is divided by 379?
190
What is the remainder when 237 is divided by 38?
9
What is the remainder when 570 is divided by 44?
42
Calculate the remainder when 635 is divided by 336.
299
What is the remainder when 1290 is divided by 18?
12
Calculate the remainder when 201 is divided by 126.
75
What is the remainder when 2426 is divided by 162?
158
What is the remainder when 78 is divided by 28?
22
What is the remainder when 311 is divided by 30?
11
Calculate the remainder when 73 is divided by 37.
36
What is the remainder when 1027 is divided by 68?
7
What is the remainder when 308 is divided by 94?
26
Calculate the remainder when 53 is divided by 21.
11
Calculate the remainder when 761 is divided by 7.
5
Calculate the remainder when 365 is divided by 174.
17
What is the remainder when 1046 is divided by 76?
58
What is the remainder when 193 is divided by 67?
59
Calculate the remainder when 2070 is divided by 56.
54
What is the remainder when 741 is divided by 31?
28
What is the remainder when 55 is divided by 28?
27
What is the remainder when 97 is divided by 7?
6
Calculate the remainder when 1177 is divided by 5.
2
Calculate the remainder when 141 is divided by 9.
6
Calculate the remainder when 5041 is divided by 123.
121
Calculate the remainder when 735 is divided by 19.
13
What is the remainder when 954 is divided by 146?
78
What is the remainder when 62 is divided by 18?
8
Calculate the remainder when 635 is divided by 29.
26
Calculate the remainder when 283 is divided by 72.
67
Calculate the remainder when 457 is divided by 213.
31
Calculate the remainder when 2 is divided by 2.
0
What is the remainder when 202 is divided by 184?
18
Calculate the remainder when 1773 is divided by 16.
13
Calculate the remainder when 361 is divided by 181.
180
Calculate the remainder when 791 is divided by 72.
71
Calculate the remainder when 8239 is divided by 13.
10
What is the remainder when 626 is divided by 35?
31
What is the remainder when 132 is divided by 63?
6
What is the remainder when 109 is divided by 38?
33
What is the remainder when 211 is divided by 53?
52
What is the remainder when 2201 is divided by 49?
45
What is the remainder when 1230 is divided by 11?
9
What is the remainder when 198 is divided by 89?
20
Calculate the remainder when 176 is divided by 14.
8
What is the remainder when 684 is divided by 11?
2
What is the remainder when 63 is divided by 29?
5
What is the remainder when 485 is divided by 44?
1
Calculate the remainder when 3582 is divided by 119.
12
What is the remainder when 368 is divided by 29?
20
What is the remainder when 284 is divided by 140?
4
What is the remainder when 1016 is divided by 18?
8
Calculate the remainder when 42 is divided by 13.
3
Calculate the remainder when 579 is divided by 10.
9
Calculate the remainder when 281 is divided by 92.
5
What is the remainder when 58 is divided by 43?
15
What is the remainder when 623 is divided by 157?
152
What is the remainder when 2509 is divided by 1249?
11
What is the remainder when 92 is divided by 2?
0
What is the remainder when 57 is divided by 32?
25
Calculate the remainder when 400 is divided by 201.
199
Calculate the remainder when 47 is divided by 29.
18
What is the remainder when 1151 is divided by 306?
233
What is the remainder when 12539 is divided by 33?
32
What is the remainder when 780 is divided by 128?
12
What is the remainder when 175 is divided by 90?
85
Calculate the remainder when 1194 is divided by 171.
168
Calculate the remainder when